
4
What is the tens digit of 143569?
6
What is the millions digit of 3711476?
3
What is the hundred thousands digit of 17201363?
2
What is the ten millions digit of 26341300?
2
What is the millions digit of 4749278?
4
What is the thousands digit of 6686764?
6
What is the tens digit of 3010427?
2
What is the units digit of 3870333?
3
What is the thousands digit of 305995?
5
What is the tens digit of 1942029?
2
What is the hundreds digit of 21906481?
4
What is the hundred thousands digit of 179345?
1
What is the ten thousands digit of 3726120?
2
What is the ten thousands digit of 206690?
0
What is the units digit of 225217?
7
What is the ten thousands digit of 180664?
8
What is the tens digit of 6885990?
9
What is the thousands digit of 1794297?
4
What is the ten thousands digit of 401254?
0
What is the ten millions digit of 12239591?
1
What is the hundreds digit of 27014704?
7
What is the units digit of 2182731?
1
What is the hundred thousands digit of 19887594?
8
What is the hundreds digit of 160325?
3
What is the ten millions digit of 14815480?
1
What is the thousands digit of 1325167?
5
What is the hundred thousands digit of 4358781?
3
What is the tens digit of 1881350?
5
What is the tens digit of 418366?
6
What is the ten thousands digit of 565282?
6
What is the millions digit of 1196453?
1
What is the millions digit of 6169666?
6
What is the tens digit of 3620281?
8
What is the units digit of 2857809?
9
What is the thousands digit of 90126?
0
What is the hundred thousands digit of 4109704?
1
What is the hundreds digit of 1290023?
0
What is the hundreds digit of 196144?
1
What is the units digit of 1318204?
4
What is the tens digit of 515114?
1
What is the hundreds digit of 189852?
8
What is the thousands digit of 366705?
6
What is the tens digit of 279731?
3
What is the hundred thousands digit of 294678?
2
What is the ten thousands digit of 532667?
3
What is the units digit of 808079?
9
What is the hundred thousands digit of 1151968?
1
What is the ten thousands digit of 376070?
7
What is the tens digit of 18608?
0
What is the units digit of 1816801?
1
What is the ten thousands digit of 39708?
3
What is the ten thousands digit of 5479135?
7
What is the thousands digit of 5441313?
1
What is the hundreds digit of 2597295?
2
What is the tens digit of 3703731?
3
What is the hundred thousands digit of 5621541?
6
What is the ten thousands digit of 10859158?
5
What is the tens digit of 225130?
3
What is the millions digit of 12160512?
2
What is the hundreds digit of 10662928?
9
What is the millions digit of 2517034?
2
What is the thousands digit of 956292?
6
What is the units digit of 3996847?
7
What is the hundreds digit of 4365073?
0
What is the units digit of 133683?
3
What is the thousands digit of 2006275?
6
What is the hundreds digit of 293547?
5
What is the hundreds digit of 1152317?
3
What is the units digit of 52037?
7
What is the thousands digit of 942598?
2
What is the hundred thousands digit of 241040?
2
What is the thousands digit of 6238623?
8
What is the tens digit of 44379327?
2
What is the units digit of 48730?
0
What is the millions digit of 10004385?
0
What is the tens digit of 120448?
4
What is the units digit of 373570?
0
What is the thousands digit of 64893?
4
What is the ten thousands digit of 593463?
9
What is the ten thousands digit of 227670?
2
What is the tens digit of 1318453?
5
What is the units digit of 159562?
2
What is the ten thousands digit of 10289345?
8
What is the tens digit of 15416816?
1
What is the tens digit of 419819?
1
What is the hundreds digit of 9621678?
6
What is the hundred thousands digit of 363396?
3
What is the tens digit of 6902976?
7
What is the hundred thousands digit of 2323511?
3
What is the units digit of 944609?
9
What is the hundred thousands digit of 342794?
3
What is the units digit of 174696?
6
What is the hundreds digit of 10124711?
7
What is the tens digit of 1117893?
9
What is the tens digit of 194731?
3
What is the tens digit of 147127?
2
What is the thousands digit of 165025?
5
What is the hundreds digit of 973330?
3
What is the thousands digit of 174027?
4
What is the units digit of 4368043?
3
What is the millions digit of 3488408?
3
What is the ten thousands digit of 2044634?
4
What is the tens digit of 46127?
2
What is the units digit of 1650360?
0
What is the units digit of 13238286?
6
What is the millions digit of 2672512?
2
What is the tens digit of 19284841?
4
What is the millions digit of 2158322?
2
What is the tens digit of 563338?
3
What is the ten thousands digit of 911615?
1
What is the hundred thousands digit of 220253?
2
What is the hundreds digit of 4685740?
7
What is the units digit of 359173?
3
What is the ten thousands digit of 1006329?
0
What is the hundred thousands digit of 1963004?
9
What is the thousands digit of 1153?
1
What is the thousands digit of 1034232?
4
What is the units digit of 102767?
7
What is the ten thousands digit of 961699?
6
What is the units digit of 17323889?
9
What is the units digit of 318961?
1
What is the hundred thousands digit of 14576619?
5
What is the hundred thousands digit of 371990?
3
What is the ten thousands digit of 1760294?
6
What is the hundred thousands digit of 1701321?
7
What is the units digit of 799894?
4
What is the tens digit of 707210?
1
What is the hundred thousands digit of 150164?
1
What is the units digit of 7940302?
2
What is the hundreds digit of 101412?
4
What is the thousands digit of 4815178?
5
What is the tens digit of 2014062?
6
What is the hundreds digit of 3345484?
4
What is the hundreds digit of 33172187?
1
What is the hundred thousands digit of 693090?
6
What is the units digit of 6320388?
8
What is the ten millions digit of 19982124?
1
What is the tens digit of 4894234?
3
What is the thousands digit of 1111810?
1
What is the hundreds digit of 168842?
8
What is the ten thousands digit of 130553?
3
What is the hundred thousands digit of 1049890?
0
What is the ten thousands digit of 6142090?
4
What is the millions digit of 9971492?
9
What is the thousands digit of 1587838?
7
What is the units digit of 3350821?
1
What is the thousands digit of 405691?
5
What is the millions digit of 7962102?
7
What is the units digit of 409318?
8
What is the hundreds digit of 379432?
4
What is the thousands digit of 7347168?
7
What is the thousands digit of 3237886?
7
What is the hundreds digit of 31891816?
8
What is the thousands digit of 1016894?
6
What is the units digit of 10008866?
6
What is the hundreds digit of 356825?
8
What is the units digit of 261634?
4
What is the millions digit of 2813740?
2
What is the tens digit of 343556?
5
What is the millions digit of 1073345?
1
What is the thousands digit of 2086077?
6
What is the units digit of 165427?
7
What is the hundred thousands digit of 1774014?
7
What is the tens digit of 8068812?
1
What is the units digit of 538064?
4
What is the thousands digit of 159019?
9
What is the units digit of 41560?
0
What is the units digit of 4094622?
2
What is the hundred thousands digit of 9715361?
7
What is the ten thousands digit of 12117410?
1
What is the units digit of 440357?
7
What is the thousands digit of 7398205?
8
What is the hundred thousands digit of 149637?
1
What is the tens digit of 881300?
0
What is the thousands digit of 517054?
7
What is the tens digit of 10033174?
7
What is the units digit of 5005339?
9
What is the tens digit of 6615440?
4
What is the units digit of 77290?
0
What is the hundred thousands digit of 325970?
3
What is the hundreds digit of 169102?
1
What is the hundred thousands digit of 328450?
3
What is the hundred thousands digit of 9039582?
0
What is the hundreds digit of 256?
2
What is the millions digit of 1415376?
1
What is the hundreds digit of 4249936?
9
What is the hundreds digit of 684069?
0
What is the units digit of 323305?
5
What is the hundreds digit of 838477?
4
What is the ten thousands digit of 503772?
0
What is the hundred thousands digit of 6825920?
8
What is the ten thousands digit of 6634488?
3
What is the ten thousands digit of 702115?
0
What is the hundred thousands digit of 1891961?
8
What is the hundreds digit of 738173?
1
What is the millions digit of 2383801?
2
What is the thousands digit of 12555?
2
What is the thou